{"id":78,"date":"2017-10-18T19:36:34","date_gmt":"2017-10-18T19:36:34","guid":{"rendered":"http:\/\/www.teksima.com\/?page_id=57"},"modified":"2018-11-29T17:45:35","modified_gmt":"2018-11-29T17:45:35","slug":"halat-makinelerimiz","status":"publish","type":"page","link":"http:\/\/www.teksima.com\/?page_id=78&lang=tr","title":{"rendered":"Halat Makinelerimiz"},"content":{"rendered":"<p>TEKSiMA Halat Makinesi 3mm 16 mm aras\u0131 pamuk, j\u00fct, polip ve bilimum sentetik iplerden 4 kollu halat yapmaktad\u0131r. Halatlar\u0131n 1. kol ve 4. kol birle\u015ftirme b\u00fck\u00fcm\u00fc ayn\u0131 anda yap\u0131lmaktad\u0131r.<\/p>\n<p>Di\u011fer TEKSiMA Halat Makinesi ise 12-25mm aras\u0131 pamuk, j\u00fct, polip ve bilimum sentetik iplerden halat yapmaktad\u0131r.<\/p>\n<p><iframe loading=\"lazy\" width=\"560\" height=\"315\" src=\"https:\/\/www.youtube.com\/embed\/WzPXu-07u0A?rel=0&amp;controls=0\" frameborder=\"0\" allow=\"autoplay; encrypted-media\" allowfullscreen><\/iframe><\/p>\n<p><iframe loading=\"lazy\" width=\"560\" height=\"315\" src=\"https:\/\/www.youtube.com\/embed\/vIUM7sTK_sM?rel=0&amp;controls=0\" frameborder=\"0\" allow=\"autoplay; encrypted-media\" allowfullscreen><\/iframe><\/p>\n<p><iframe loading=\"lazy\" width=\"560\" height=\"315\" src=\"https:\/\/www.youtube.com\/embed\/ztWFgIeWjpk?rel=0&amp;controls=0\" frameborder=\"0\" allow=\"autoplay; encrypted-media\" allowfullscreen><\/iframe><\/p>\n<p><iframe loading=\"lazy\" width=\"560\" height=\"315\" src=\"https:\/\/www.youtube.com\/embed\/5096PkhTb8E?rel=0&amp;controls=0\" frameborder=\"0\" allow=\"autoplay; encrypted-media\" allowfullscreen><\/iframe><\/p>\n<p><iframe loading=\"lazy\" width=\"560\" height=\"315\" src=\"https:\/\/www.youtube.com\/embed\/j6k19A-eLfM?rel=0&amp;controls=0\" frameborder=\"0\" allow=\"autoplay; encrypted-media\" allowfullscreen><\/iframe><\/p>\n","protected":false},"excerpt":{"rendered":"<p>TEKSiMA Halat Makinesi 3mm 16 mm aras\u0131 pamuk, j\u00fct, polip ve bilimum sentetik iplerden 4 kollu halat yapmaktad\u0131r. Halatlar\u0131n 1. kol ve 4. kol birle\u015ftirme b\u00fck\u00fcm\u00fc ayn\u0131 anda yap\u0131lmaktad\u0131r. Di\u011fer TEKSiMA Halat Makinesi ise 12-25mm aras\u0131 pamuk, j\u00fct, polip ve bilimum sentetik iplerden halat yapmaktad\u0131r.<\/p>\n","protected":false},"author":1,"featured_media":0,"parent":0,"menu_order":0,"comment_status":"closed","ping_status":"closed","template":"","meta":[],"_links":{"self":[{"href":"http:\/\/www.teksima.com\/index.php?rest_route=\/wp\/v2\/pages\/78"}],"collection":[{"href":"http:\/\/www.teksima.com\/index.php?rest_route=\/wp\/v2\/pages"}],"about":[{"href":"http:\/\/www.teksima.com\/index.php?rest_route=\/wp\/v2\/types\/page"}],"author":[{"embeddable":true,"href":"http:\/\/www.teksima.com\/index.php?rest_route=\/wp\/v2\/users\/1"}],"replies":[{"embeddable":true,"href":"http:\/\/www.teksima.com\/index.php?rest_route=%2Fwp%2Fv2%2Fcomments&post=78"}],"version-history":[{"count":1,"href":"http:\/\/www.teksima.com\/index.php?rest_route=\/wp\/v2\/pages\/78\/revisions"}],"predecessor-version":[{"id":266,"href":"http:\/\/www.teksima.com\/index.php?rest_route=\/wp\/v2\/pages\/78\/revisions\/266"}],"wp:attachment":[{"href":"http:\/\/www.teksima.com\/index.php?rest_route=%2Fwp%2Fv2%2Fmedia&parent=78"}],"curies":[{"name":"wp","href":"https:\/\/api.w.org\/{rel}","templated":true}]}}