{"id":62,"date":"2017-10-18T19:20:28","date_gmt":"2017-10-18T19:20:28","guid":{"rendered":"http:\/\/www.teksima.com\/?page_id=33"},"modified":"2018-11-29T17:48:15","modified_gmt":"2018-11-29T17:48:15","slug":"kovali-bukum-makinelerimiz","status":"publish","type":"page","link":"http:\/\/www.teksima.com\/?page_id=62&lang=tr","title":{"rendered":"Koval\u0131 B\u00fck\u00fcm Makinelerimiz"},"content":{"rendered":"<p>TEKSiMA Koval\u0131 B\u00fck\u00fcm Makineleri poliamid, polyester, polipropilen ve bilimum multi-filament sentetik iplikleri 15.000 denye kal\u0131nl\u0131\u011f\u0131na kadar S veya Z b\u00fckebilir. Mono-filament iplikler ise 8.000 denye kal\u0131nl\u0131\u011fa kadar b\u00fck\u00fclebilir. Pamuk ve naturel elyaflar\u0131 ise 0,5-6 No. aral\u0131\u011f\u0131nda b\u00fck\u00fclebilir. Makine, b\u00fck\u00fclen ipi konik bobine sarar. \u0130ste\u011fe g\u00f6re makineye ya\u011flama aparat\u0131 eklenebilir. A\u015fa\u011f\u0131da \u00e7e\u015fitli koval\u0131 b\u00fck\u00fcm makinelerimizin videolar\u0131n\u0131 g\u00f6rebilirsiniz.<\/p>\n<p><iframe loading=\"lazy\" width=\"560\" height=\"315\" src=\"https:\/\/www.youtube.com\/embed\/h-4rMjOXFrc?rel=0&amp;controls=0\" frameborder=\"0\" allow=\"autoplay; encrypted-media\" allowfullscreen><\/iframe><\/p>\n<p><iframe loading=\"lazy\" width=\"560\" height=\"315\" src=\"https:\/\/www.youtube.com\/embed\/p4ZXA_PTzN8?rel=0&amp;controls=0\" frameborder=\"0\" allow=\"autoplay; encrypted-media\" allowfullscreen><\/iframe><\/p>\n","protected":false},"excerpt":{"rendered":"<p>TEKSiMA Koval\u0131 B\u00fck\u00fcm Makineleri poliamid, polyester, polipropilen ve bilimum multi-filament sentetik iplikleri 15.000 denye kal\u0131nl\u0131\u011f\u0131na kadar S veya Z b\u00fckebilir. Mono-filament iplikler ise 8.000 denye kal\u0131nl\u0131\u011fa kadar b\u00fck\u00fclebilir. Pamuk ve naturel elyaflar\u0131 ise 0,5-6 No. aral\u0131\u011f\u0131nda b\u00fck\u00fclebilir. Makine, b\u00fck\u00fclen ipi konik bobine sarar. \u0130ste\u011fe g\u00f6re makineye ya\u011flama aparat\u0131 eklenebilir. A\u015fa\u011f\u0131da \u00e7e\u015fitli koval\u0131 b\u00fck\u00fcm makinelerimizin videolar\u0131n\u0131 [&hellip;]<\/p>\n","protected":false},"author":1,"featured_media":0,"parent":0,"menu_order":0,"comment_status":"closed","ping_status":"closed","template":"","meta":[],"_links":{"self":[{"href":"http:\/\/www.teksima.com\/index.php?rest_route=\/wp\/v2\/pages\/62"}],"collection":[{"href":"http:\/\/www.teksima.com\/index.php?rest_route=\/wp\/v2\/pages"}],"about":[{"href":"http:\/\/www.teksima.com\/index.php?rest_route=\/wp\/v2\/types\/page"}],"author":[{"embeddable":true,"href":"http:\/\/www.teksima.com\/index.php?rest_route=\/wp\/v2\/users\/1"}],"replies":[{"embeddable":true,"href":"http:\/\/www.teksima.com\/index.php?rest_route=%2Fwp%2Fv2%2Fcomments&post=62"}],"version-history":[{"count":2,"href":"http:\/\/www.teksima.com\/index.php?rest_route=\/wp\/v2\/pages\/62\/revisions"}],"predecessor-version":[{"id":236,"href":"http:\/\/www.teksima.com\/index.php?rest_route=\/wp\/v2\/pages\/62\/revisions\/236"}],"wp:attachment":[{"href":"http:\/\/www.teksima.com\/index.php?rest_route=%2Fwp%2Fv2%2Fmedia&parent=62"}],"curies":[{"name":"wp","href":"https:\/\/api.w.org\/{rel}","templated":true}]}}